e number?
False
Is 3624577057 prime?
True
Is 832078171 a composite number?
False
Is 10226328709 prime?
True
Is 7429783549 a composite number?
False
Is 1779279943 a prime number?
False
Is 3567837167 a prime number?
False
Is 102334223 a composite number?
False
Is 3306047369 a prime number?
True
Is 20256596149 a prime number?
True
Is 1114537967 a composite number?
True
Is 70911201163 a composite number?
True
Is 4062383218 composite?
True
Is 3186636031 prime?
False
Is 852669581 a composite number?
True
Is 36905500733 a prime number?
True
Is 3021418049 prime?
False
Is 6758293891 a prime number?
False
Is 216842686454 prime?
False
Is 17697942523 composite?
False
Is 517464127 a composite number?
True
Is 6066016823 a composite number?
True
Is 210039209 prime?
True
Is 1208274101 a composite number?
True
Is 14334254651 composite?
False
Is 28728540619 composite?
True
Is 4969777619 a prime number?
False
Is 33754949 prime?
False
Is 993725963 prime?
True
Is 39094303 a composite number?
False
Is 5723723459 a prime number?
True
Is 2567923979 a composite number?
False
Is 7120371169 prime?
True
Is 4057608539 a composite number?
False
Is 37911714979 composite?
False
Is 14078950511 composite?
True
Is 1779435523 composite?
True
Is 1474283249 a composite number?
True
Is 847970371 a prime number?
False
Is 5142594871 composite?
True
Is 4260890927 composite?
True
Is 9552040873 composite?
False
Is 4531245803 composite?
True
Is 92689463 prime?
False
Is 4527017897 prime?
True
Is 11664096211 composite?
True
Is 285625133 prime?
False
Is 37701065914 a prime number?
False
Is 3235702801 composite?
False
Is 108737714143 composite?
True
Is 20008193195 composite?
True
Is 873286069 composite?
True
Is 84616141 composite?
False
Is 112237067977 composite?
False
Is 429199487 prime?
True
Is 89071804313 a prime number?
False
Is 7917044879 prime?
False
Is 7520141957 a composite number?
False
Is 27649692541 a prime number?
False
Is 8313862483 a composite number?
True
Is 1155486667 composite?
False
Is 60409629157 prime?
False
Is 16589387993 prime?
True
Is 26474381249 a prime number?
True
Is 2404690843 prime?
True
Is 1864813547 a prime number?
True
Is 1958284567 composite?
False
Is 45838860541 composite?
True
Is 13809519553 composite?
False
Is 1709181141 composite?
True
Is 1151217347 composite?
True
Is 20610469153 a composite number?
False
Is 1423379341 a composite number?
True
Is 514719161 a prime number?
False
Is 59177109553 a prime number?
False
Is 279330187 prime?
True
Is 34706527 a composite number?
False
Is 2381159189 prime?
False
Is 7436438137 a prime number?
False
Is 5482486259 prime?
True
Is 87328991 composite?
True
Is 3637657574 a prime number?
False
Is 144480263483 a composite number?
True
Is 12298080953 a prime number?
False
Is 103809340529 prime?
True
Is 925897681 prime?
False
Is 26447665313 composite?
False
Is 26739169 a composite number?
True
Is 20535313181 a prime number?
True
Is 14371927 a composite number?
True
Is 10111463939 a prime number?
True
Is 211891593 a prime number?
False
Is 3522450563 composite?
True
Is 77787836569 a composite number?
False
Is 1561314511 prime?
False
Is 244791455 prime?
False
Is 68910320099 a prime number?
True
Is 4521089981 a composite number?
False
Is 51001728451 a prime number?
False
Is 3235742867 composite?
True
Is 146147117 prime?
True
Is 92767801337 prime?
True
Is 444750169 prime?
False
Is 91021315745 prime?
False
Is 32685585391 prime?
False
Is 1142165093 a composite number?
False
Is 2602329913 prime?
False
Is 888793261 prime?
False
Is 843503753 prime?
False
Is 100591878715 composite?
True
Is 4911832087 a composite number?
False
Is 30969607101 a composite number?
True
Is 9413909629 a composite number?
False
Is 12362848049 a prime number?
True
Is 22316959459 a composite number?
True
Is 68107641707 a composite number?
True
Is 161723371 composite?
True
Is 36353983577 a prime number?
True
Is 19497595449 a prime number?
False
Is 20830551373 prime?
True
Is 7310122913 prime?
False
Is 15798014287 a composite number?
True
Is 1729063577 a composite number?
False
Is 663778177 a composite number?
False
Is 318847169 a prime number?
True
Is 9779744077 a prime number?
True
Is 30529501403 composite?
False
Is 8982589351 a composite number?
True
Is 13939993927 a composite number?
False
Is 390920239 a prime number?
True
Is 163080727 a composite number?
True
Is 5987081882 composite?
True
Is 4533074827 composite?
False
Is 11070199687 composite?
True
Is 2085957139 prime?
False
Is 2778448711 a composite number?
False
Is 14442832723 composite?
True
Is 120296123 a composite number?
False
Is 2605942279 a prime number?
True
Is 504725087227 a prime number?
False
Is 144928976317 a composite number?
True
Is 8714239561 a composite number?
True
Is 60661177957 prime?
True
Is 964682457 composite?
True
Is 8444505451 composite?
False
Is 538366979 composite?
False
Is 3445736653 composite?
True
Is 26320857143 a composite number?
True
Is 24925021361 a composite number?
True
Is 93631505257 a prime number?
True
Is 2427799199 a composite number?
True
Is 6603561994 composite?
True
Is 430088459 a prime number?
True
Is 4593005729 composite?
True
Is 10806218653 prime?
True
Is 3640761679 a prime number?
True
Is 30710066791 a composite number?
False
Is 2438911627 a prime number?
True
Is 222108071 a prime number?
False
Is 3994089359 composite?
True
Is 4419637751 composite?
False
Is 17196835463 a prime number?
False
Is 7616719419 a prime number?
False
Is 449412281 a composite number?
True
Is 152905403605 a composite number?
True
Is 10495087535 a prime number?
False
Is 59008703833 composite?
False
Is 857848633 composite?
False
Is 569422367 a composite number?
False
Is 7389854365 composite?
True
Is 6294912947 a composite number?
False
Is 1747602547 composite?
True
Is 52687647043 a prime number?
False
Is 2558124917 a composite number?
False
Is 29781844397 a prime number?
True
Is 22659087961 a prime number?
True
Is 47006803937 a composite number?
True
Is 47722574527 composite?
True
Is 5948872079 prime?
True
Is 12601198331 composite?
False
Is 11260698809 a prime number?
False
Is 3336041741 a composite number?
False
Is 232854792127 a prime number?
False
Is 4203735167 prime?
False
Is 2049816745 composite?
True
Is 52782102811 a prime number?
False
Is 27838362703 prime?
False
Is 1105782331 a composite number?
True
Is 1545238879 a composite number?
True
Is 160476621 prime?
False
Is 57634711669 composite?
True
Is 698952113 a prime number?
False
Is 30758509073 prime?
False
Is 145069033 a prime number?
True
Is 726325121 prime?
True
Is 63395880059 prime?
False
Is 6671549369 a composite number?
True
Is 700312727 a prime number?
False
Is 4714610077 a prime number?
True
Is 32954065 composite?
True
Is 1774450627 composite?
False
Is 24567544759 prime?
True
Is 1376394593 a prime number?
False
Is 5263831993 a prime number?
False
Is 645863487 prime?
False
Is 1412748191 a prime number?
False
Is 171698357 a prime number?
False
Is 11410041523 a prime number?
True
Is 101815391 prime?
False
Is 5143226741 a prime number?
True
Is 638492369 a prime number?
True
Is 131469719 a prime number?
False
Is 2358987221 composite?
True
Is 171184081 a composite number?
True
Is 76510211 composite?
True
Is 471487141 prime?
False
Is 2971372121 composite?
False
Is 1447110529 prime?
True
Is 1558809671 a prime number?
True
Is 56546127257 prime?
True
Is 50366710829 prime?
True
Is 2113514393 composite?
False
Is 1640761907 prime?
True
Is 661680737 a composite number?
True
Is 18331314953 a prime number?
False
Is 295462753 composite?
False
Is 850814803 prime?
False
Is 19334654497 prime?
False
Is 2859035663 a composite number?
True
Is 9957361101 composite?
True
Is 6552759763 a prime number?
False
Is 942822053 prime?
True
Is 6475991443 prime?
True
Is 168980041 a prime number?
False
Is 1421155679 prime?
False
Is 72966535105 a prime number?
False
Is 950331157 prime?
True
Is 247284611 prime?
False
Is 3467070811 prime?
True
Is 688808773 composite?
False
Is 5551953223 a composite number?
True
Is 623263769 a composite number?
True
Is 35012889721 prime?
True
Is 25297498097 composite?
True
Is 7731907231 a prime number?
False
Is 1287038713 a prime number?
False
Is 3217525087 prime?
False
Is 5325509081 a prime number?
True
Is 446980035927 composite